{"id":375,"date":"2022-01-05T22:53:08","date_gmt":"2022-01-05T21:53:08","guid":{"rendered":"https:\/\/mkfinance.fr\/?page_id=375"},"modified":"2024-06-04T22:08:50","modified_gmt":"2024-06-04T20:08:50","slug":"notre-cabinet","status":"publish","type":"page","link":"https:\/\/mkfinance.fr\/?page_id=375","title":{"rendered":"NOTRE CABINET"},"content":{"rendered":"<p>[et_pb_section fb_built=&#8221;1&#8243; fullwidth=&#8221;on&#8221; _builder_version=&#8221;4.16&#8243; _module_preset=&#8221;default&#8221; background_enable_image=&#8221;off&#8221; global_colors_info=&#8221;{}&#8221;][et_pb_fullwidth_image src=&#8221;http:\/\/mkfinance.fr\/wp-content\/uploads\/2022\/02\/MK-Finances-Portraits-7-scaled.jpg&#8221; title_text=&#8221;MK Finances Portraits-7&#8243; _builder_version=&#8221;4.16&#8243; _module_preset=&#8221;default&#8221; animation_style=&#8221;fade&#8221; global_colors_info=&#8221;{}&#8221;][\/et_pb_fullwidth_image][\/et_pb_section][et_pb_section fb_built=&#8221;1&#8243; _builder_version=&#8221;4.16&#8243; _module_preset=&#8221;default&#8221; background_color=&#8221;rgba(214,214,214,0.27)&#8221; custom_margin=&#8221;||-130px|||&#8221; custom_padding=&#8221;0px||32px|||&#8221; global_colors_info=&#8221;{}&#8221;][et_pb_row _builder_version=&#8221;4.16&#8243; _module_preset=&#8221;default&#8221; custom_padding=&#8221;||4px|||&#8221; global_colors_info=&#8221;{}&#8221;][et_pb_column type=&#8221;4_4&#8243; _builder_version=&#8221;4.16&#8243; _module_preset=&#8221;default&#8221; global_colors_info=&#8221;{}&#8221;][et_pb_text _builder_version=&#8221;4.16&#8243; _module_preset=&#8221;default&#8221; text_font=&#8221;Montserrat|||on|||||&#8221; text_text_color=&#8221;#22394B&#8221; text_font_size=&#8221;20px&#8221; text_letter_spacing=&#8221;3px&#8221; text_line_height=&#8221;2em&#8221; text_orientation=&#8221;center&#8221; background_layout=&#8221;dark&#8221; animation_style=&#8221;fade&#8221; animation_duration=&#8221;1350ms&#8221; border_width_top=&#8221;5px&#8221; border_color_top=&#8221;#C9A969&#8243; border_width_bottom=&#8221;5px&#8221; border_color_bottom=&#8221;#C9A969&#8243; global_colors_info=&#8221;{}&#8221;]<\/p>\n<p><strong>A PROPOS DE MK FINANCE<\/strong><\/p>\n<p>[\/et_pb_text][\/et_pb_column][\/et_pb_row][et_pb_row _builder_version=&#8221;4.16&#8243; _module_preset=&#8221;default&#8221; custom_padding=&#8221;25px||2px|||&#8221; animation_style=&#8221;fade&#8221; animation_duration=&#8221;1500ms&#8221; global_colors_info=&#8221;{}&#8221;][et_pb_column type=&#8221;4_4&#8243; _builder_version=&#8221;4.16&#8243; _module_preset=&#8221;default&#8221; global_colors_info=&#8221;{}&#8221;][et_pb_text _builder_version=&#8221;4.16&#8243; _module_preset=&#8221;default&#8221; text_font=&#8221;|||||on|||&#8221; global_colors_info=&#8221;{}&#8221;]<\/p>\n<p style=\"text-align: justify;\"><span style=\"font-size: large; color: #22394b;\">Fond\u00e9 en 2021 par deux experts-comptables et commissaires aux comptes issus de la m\u00eame \u00e9cole, MK FINANCE est un cabinet pluridisciplinaire et ind\u00e9pendant organis\u00e9 autour de trois m\u00e9tiers : <span style=\"color: #c9a969;\">l&#8217;expertise-comptable, l&#8217;audit et le conseil.<\/span><\/span><\/p>\n<p style=\"text-align: justify;\"><span style=\"color: #22394b; font-size: large;\"><\/span><\/p>\n<p style=\"text-align: justify;\"><span style=\"color: #22394b; font-size: large;\">Le cabinet est implant\u00e9 en France m\u00e9tropolitaine et sur l&#8217;\u00cele de Mayotte dans l&#8217;oc\u00e9an Indien. <\/span><\/p>\n<p style=\"text-align: justify;\"><span style=\"color: #22394b; font-size: large;\"><span style=\"color: #22394b; font-size: medium;\">Afin de pouvoir r\u00e9pondre aux exigences d&#8217;une structure multi-\u00e9tablissements s\u00e9par\u00e9s de 8.039 km, les deux associ\u00e9s fondateurs Jean-Mina et Amiriade ont une id\u00e9ologie d\u2019une organisation \u00e0 taille humaine permettant de s\u2019adapter facilement aux besoins des clients et de proposer des solutions digitales supprimant la barri\u00e8re de la distance.<\/span><\/span><\/p>\n<p style=\"text-align: justify;\">\n<p>[\/et_pb_text][\/et_pb_column][\/et_pb_row][et_pb_row column_structure=&#8221;1_2,1_2&#8243; _builder_version=&#8221;4.16&#8243; _module_preset=&#8221;default&#8221; custom_padding=&#8221;6px||113px|||&#8221; global_colors_info=&#8221;{}&#8221;][et_pb_column type=&#8221;1_2&#8243; _builder_version=&#8221;4.16&#8243; _module_preset=&#8221;default&#8221; global_colors_info=&#8221;{}&#8221;][et_pb_text _builder_version=&#8221;4.16&#8243; _module_preset=&#8221;default&#8221; text_font=&#8221;|||||on|||&#8221; custom_padding=&#8221;4px|||||&#8221; animation_style=&#8221;slide&#8221; animation_direction=&#8221;left&#8221; animation_duration=&#8221;1500ms&#8221; global_colors_info=&#8221;{}&#8221;]<\/p>\n<h1 style=\"text-align: center;\"><span style=\"color: #22394b; font-size: large;\"><span style=\"text-decoration: underline; color: #c9a969;\">NOS VALEURS<\/span><\/span><\/h1>\n<p><span style=\"color: #22394b; font-size: large;\"><strong><span style=\"text-decoration: underline; color: #c9a969;\"><\/span><\/strong><\/span><\/p>\n<p><span style=\"color: #22394b; font-size: medium; text-align: justify;\">Avant tout, nous sommes des chefs d\u2019entreprise qui conseillons des chefs d\u2019entreprise.<\/span><\/p>\n<p style=\"text-align: justify;\"><span style=\"color: #22394b; font-size: medium;\">Il en r\u00e9sulte de cette synergie des processus de fonctionnement rigoureux et homog\u00e8nes.<\/span><\/p>\n<p style=\"text-align: justify;\"><span style=\"color: #22394b; font-size: medium;\">Une forte implication technique des associ\u00e9s, des \u00e9quipes sp\u00e9cialis\u00e9es et form\u00e9es dans une volont\u00e9 permanente d\u2019assurer une grande qualit\u00e9 de prestations.<\/span><\/p>\n<p style=\"text-align: justify;\"><span style=\"color: #22394b; font-size: medium;\">nous souhaitons \u00eatre reconnus pour notre \u00e9thique professionnelle et conserver notre ind\u00e9pendance d\u2019esprit.<\/span><\/p>\n<p style=\"text-align: justify;\">\n<div class=\"thumb-pad6\">\n<div class=\"thumbnail\">\n<div class=\"caption\">\n<div class=\"extra-wrap_associes\">\n<p><span style=\"color: #22394b; font-size: medium;\">Forts de notre exp\u00e9rience de 10 ans au sein de grands cabinets internationaux de grande envergure, nous nous engageons \u00e0 vous apporter une qualit\u00e9 de service comparable tout en garantissant une offre comp\u00e9titive :<\/span><\/p>\n<ul class=\"list1-1\">\n<li><span style=\"color: #22394b; font-size: medium;\"><strong>R\u00e9activit\u00e9<\/strong><\/span><\/li>\n<li><span style=\"color: #22394b; font-size: medium;\"><strong>Professionnalisme<\/strong><\/span><\/li>\n<li><span style=\"color: #22394b; font-size: medium;\"><strong>Expertise<\/strong><\/span><strong><span style=\"color: #22394b;\"><\/span><\/strong><span style=\"color: #22394b; font-size: medium;\"><strong><\/strong><\/span><\/li>\n<li><span style=\"color: #22394b; font-size: medium;\"><strong>Proximit\u00e9<\/strong><\/span><\/li>\n<li><span style=\"color: #22394b; font-size: medium;\"><strong>Bienveillance<\/strong><\/span><\/li>\n<li><span style=\"color: #22394b; font-size: medium;\"><strong>Esprit d&#8217;\u00e9quipe<\/strong><\/span><\/li>\n<\/ul>\n<p><span style=\"color: #22394b; font-size: medium;\">Dot\u00e9s d&#8217;une solide culture \u00e0 la fois \u00e9conomique et financi\u00e8re, nous int\u00e9grons les probl\u00e9matiques strat\u00e9giques de nos clients et privil\u00e9gions la relation humaine, au-del\u00e0 des aspects financiers des dossiers qui nous sont confi\u00e9s.<\/span><\/p>\n<\/div>\n<\/div>\n<\/div>\n<\/div>\n<p>[\/et_pb_text][\/et_pb_column][et_pb_column type=&#8221;1_2&#8243; _builder_version=&#8221;4.16&#8243; _module_preset=&#8221;default&#8221; global_colors_info=&#8221;{}&#8221;][et_pb_text _builder_version=&#8221;4.16&#8243; _module_preset=&#8221;default&#8221; text_font=&#8221;|||||on|||&#8221; custom_padding=&#8221;||13px|||&#8221; animation_style=&#8221;slide&#8221; animation_direction=&#8221;right&#8221; animation_duration=&#8221;1500ms&#8221; global_colors_info=&#8221;{}&#8221;]<\/p>\n<h1 style=\"text-align: center;\"><span style=\"color: #22394b;\"><span style=\"text-decoration: underline; color: #c9a969;\">NOS PARTENAIRES<\/span><strong><\/strong><\/span><\/h1>\n<p>&nbsp;<\/p>\n<div class=\"thumb-pad6\">\n<div class=\"thumbnail\">\n<div class=\"caption\">\n<div class=\"extra-wrap_associes\">\n<p style=\"text-align: justify;\"><span style=\"color: #22394b; font-size: large;\">Pour servir au mieux vos int\u00e9r\u00eats, notre r\u00e9seau de partenaires nous permet de faire appel \u00e0 des sp\u00e9cialistes ind\u00e9pendants, experts dans leurs domaines respectifs et dot\u00e9s d&#8217;un savoir-faire reconnu, en fonction des besoins que nous identifions :<\/span><\/p>\n<ul class=\"list1-1\" style=\"text-align: justify;\">\n<li><span style=\"color: #22394b; font-size: large;\"><strong>Avocats d&#8217;affaires et fiscalistes<\/strong><\/span><\/li>\n<li><span style=\"color: #22394b; font-size: large;\"><strong>\u00c9valuateurs<\/strong><\/span><\/li>\n<li><span style=\"color: #22394b; font-size: large;\"><strong>Consultants informatiques<\/strong><\/span><\/li>\n<li><span style=\"color: #22394b; font-size: large;\"><strong>banquiers <\/strong><\/span><\/li>\n<li><span style=\"color: #22394b; font-size: large;\"><strong>Assureurs<\/strong><\/span><br \/><span style=\"color: #22394b; font-size: large;\"><strong><\/strong><\/span><\/li>\n<\/ul>\n<p style=\"text-align: justify;\"><span style=\"color: #22394b; font-size: large;\">Notre ma\u00eetrise du mode projet et notre capacit\u00e9 \u00e0 mobiliser nos r\u00e9seaux vous garantissent la plus grande r\u00e9activit\u00e9 face \u00e0 vos diff\u00e9rents enjeux, ainsi qu&#8217;une r\u00e9ponse adapt\u00e9e \u00e0 chaque situation.<\/span><\/p>\n<\/div>\n<\/div>\n<\/div>\n<\/div>\n<p>[\/et_pb_text][\/et_pb_column][\/et_pb_row][\/et_pb_section]<\/p>\n","protected":false},"excerpt":{"rendered":"<p>A PROPOS DE MK FINANCEFond\u00e9 en 2021 par deux experts-comptables et commissaires aux comptes issus de la m\u00eame \u00e9cole, MK FINANCE est un cabinet pluridisciplinaire et ind\u00e9pendant organis\u00e9 autour de trois m\u00e9tiers : l&#8217;expertise-comptable, l&#8217;audit et le conseil. Le cabinet est implant\u00e9 en France m\u00e9tropolitaine et sur l&#8217;\u00cele de Mayotte dans l&#8217;oc\u00e9an Indien. Afin de [&hellip;]<\/p>\n","protected":false},"author":1,"featured_media":0,"parent":0,"menu_order":0,"comment_status":"closed","ping_status":"closed","template":"","meta":{"_et_pb_use_builder":"on","_et_pb_old_content":"","_et_gb_content_width":"","om_disable_all_campaigns":false,"_monsterinsights_skip_tracking":false,"_monsterinsights_sitenote_active":false,"_monsterinsights_sitenote_note":"","_monsterinsights_sitenote_category":0,"footnotes":""},"class_list":["post-375","page","type-page","status-publish","hentry"],"_links":{"self":[{"href":"https:\/\/mkfinance.fr\/index.php?rest_route=\/wp\/v2\/pages\/375"}],"collection":[{"href":"https:\/\/mkfinance.fr\/index.php?rest_route=\/wp\/v2\/pages"}],"about":[{"href":"https:\/\/mkfinance.fr\/index.php?rest_route=\/wp\/v2\/types\/page"}],"author":[{"embeddable":true,"href":"https:\/\/mkfinance.fr\/index.php?rest_route=\/wp\/v2\/users\/1"}],"replies":[{"embeddable":true,"href":"https:\/\/mkfinance.fr\/index.php?rest_route=%2Fwp%2Fv2%2Fcomments&post=375"}],"version-history":[{"count":35,"href":"https:\/\/mkfinance.fr\/index.php?rest_route=\/wp\/v2\/pages\/375\/revisions"}],"predecessor-version":[{"id":1048,"href":"https:\/\/mkfinance.fr\/index.php?rest_route=\/wp\/v2\/pages\/375\/revisions\/1048"}],"wp:attachment":[{"href":"https:\/\/mkfinance.fr\/index.php?rest_route=%2Fwp%2Fv2%2Fmedia&parent=375"}],"curies":[{"name":"wp","href":"https:\/\/api.w.org\/{rel}","templated":true}]}}