{"id":364,"date":"2022-01-05T22:38:29","date_gmt":"2022-01-05T21:38:29","guid":{"rendered":"https:\/\/mkfinance.fr\/?page_id=364"},"modified":"2024-05-27T22:32:12","modified_gmt":"2024-05-27T20:32:12","slug":"nous-connaitre","status":"publish","type":"page","link":"https:\/\/mkfinance.fr\/?page_id=364","title":{"rendered":"NOUS CONNAITRE"},"content":{"rendered":"<p>[et_pb_section fb_built=&#8221;1&#8243; _builder_version=&#8221;4.16&#8243; _module_preset=&#8221;default&#8221; background_color=&#8221;#22394B&#8221; min_height=&#8221;783.7px&#8221; custom_padding=&#8221;||0px|||&#8221; global_colors_info=&#8221;{}&#8221;][et_pb_row column_structure=&#8221;1_2,1_2&#8243; _builder_version=&#8221;4.16&#8243; _module_preset=&#8221;default&#8221; custom_padding=&#8221;||19px|||&#8221; global_colors_info=&#8221;{}&#8221;][et_pb_column type=&#8221;1_2&#8243; _builder_version=&#8221;4.16&#8243; _module_preset=&#8221;default&#8221; global_colors_info=&#8221;{}&#8221;][et_pb_image src=&#8221;http:\/\/mkfinance.fr\/wp-content\/uploads\/2022\/02\/MK-Finances-Portraits-1-scaled.jpg&#8221; title_text=&#8221;MK Finances Portraits-1&#8243; _builder_version=&#8221;4.16&#8243; _module_preset=&#8221;default&#8221; width=&#8221;50%&#8221; custom_padding=&#8221;||0px|||&#8221; animation_style=&#8221;fade&#8221; animation_duration=&#8221;3300ms&#8221; border_radii=&#8221;on|171px|171px|171px|171px&#8221; border_width_all=&#8221;4px&#8221; border_color_all=&#8221;#C9A969&#8243; global_colors_info=&#8221;{}&#8221;][\/et_pb_image][et_pb_team_member name=&#8221;M. Amiriade Maoulida&#8221; position=&#8221;Pr\u00e9sident Associ\u00e9&#8221; linkedin_url=&#8221;https:\/\/fr.linkedin.com\/in\/amiriade-maoulida-833776133&#8243; icon_color=&#8221;#C9A969&#8243; _builder_version=&#8221;4.16&#8243; _module_preset=&#8221;default&#8221; header_level=&#8221;h2&#8243; header_font=&#8221;Montserrat||||||||&#8221; header_text_color=&#8221;#C9A969&#8243; header_font_size=&#8221;29px&#8221; body_font=&#8221;Montserrat|||||on|||&#8221; body_text_align=&#8221;left&#8221; body_text_color=&#8221;#C9A969&#8243; body_font_size=&#8221;9px&#8221; position_font=&#8221;Montserrat||||||||&#8221; position_text_color=&#8221;#FFFFFF&#8221; position_font_size=&#8221;17px&#8221; position_line_height=&#8221;1.8em&#8221; animation_style=&#8221;slide&#8221; animation_direction=&#8221;left&#8221; animation_duration=&#8221;3500ms&#8221; animation=&#8221;fade_in&#8221; border_radii_image=&#8221;on|171px|171px|171px|171px&#8221; border_width_all_image=&#8221;4px&#8221; border_color_all_image=&#8221;#C9A969&#8243; box_shadow_style_image=&#8221;preset1&#8243; global_colors_info=&#8221;{}&#8221;]<\/p>\n<p style=\"text-align: justify;\"><span style=\"font-size: large;\"><\/span><\/p>\n<p style=\"text-align: justify;\"><span style=\"font-size: large;\">Expert-comptable et commissaire aux comptes Amiriade a d\u00e9but\u00e9 sa carri\u00e8re en tant que comptable g\u00e9n\u00e9ral au sein du groupe international Jaguar Land Rover suivi du Groupe Argus.<\/span><o:p><\/o:p><\/p>\n<p style=\"text-align: justify;\"><span style=\"font-size: large;\">Il a rejoint par la suite le monde des cabinets d&#8217;expertise-comptable par le biais du cabinet Ennea. Cette exp\u00e9rience lui a permis de propulser ses ambitions et ainsi int\u00e9grer des cabinets de renomm\u00e9e internationale\u00a0 KPMG puis PWC pour les entrepreneurs. <\/span><span style=\"font-size: large;\"><\/span><span style=\"font-size: large;\"><\/span><\/p>\n<p style=\"text-align: justify;\"><span style=\"font-size: large;\">Ces diff\u00e9rentes exp\u00e9riences lui ont octroy\u00e9 une grande richesse d\u00fbe \u00e0 la diversification des portefeuilles et ainsi lui permettre de s&#8217;adapter aux clients afin de proposer un accompagnement sur-mesure dans les domaines fiscales, sociales, proc\u00e9dures interne, transition num\u00e9rique, \u00e9valuations et juridique.<\/span><\/p>\n<p style=\"text-align: justify;\"><o:p><\/o:p><span style=\"font-size: large;\">En outre, Amiriade accompagne des experts-comptable m\u00e9morialistes dans la r\u00e9daction et la mise en forme de leur m\u00e9moire d&#8217;expertise-comptable.<\/span><\/p>\n<p style=\"text-align: justify;\"><span style=\"font-size: large;\"><\/span><\/p>\n<p>[\/et_pb_team_member][\/et_pb_column][et_pb_column type=&#8221;1_2&#8243; _builder_version=&#8221;4.16&#8243; _module_preset=&#8221;default&#8221; global_colors_info=&#8221;{}&#8221;][et_pb_image src=&#8221;http:\/\/mkfinance.fr\/wp-content\/uploads\/2022\/02\/MK-Finances-Portraits-4-scaled.jpg&#8221; title_text=&#8221;MK Finances Portraits-4&#8243; _builder_version=&#8221;4.16&#8243; _module_preset=&#8221;default&#8221; width=&#8221;50%&#8221; animation_style=&#8221;fade&#8221; animation_direction=&#8221;right&#8221; animation_duration=&#8221;3300ms&#8221; border_radii=&#8221;on|171px|171px|171px|171px&#8221; border_width_all=&#8221;4px&#8221; border_color_all=&#8221;#C9A969&#8243; global_colors_info=&#8221;{}&#8221;][\/et_pb_image][et_pb_team_member name=&#8221;M. Jean-Mina Khalil&#8221; position=&#8221;Directeur g\u00e9n\u00e9ral Associ\u00e9&#8221; linkedin_url=&#8221;https:\/\/fr.linkedin.com\/in\/amiriade-maoulida-833776133&#8243; icon_color=&#8221;#C9A969&#8243; _builder_version=&#8221;4.16&#8243; _module_preset=&#8221;default&#8221; header_level=&#8221;h2&#8243; header_font=&#8221;Montserrat||||||||&#8221; header_text_color=&#8221;#C9A969&#8243; header_font_size=&#8221;27px&#8221; body_font=&#8221;Montserrat|||||on|||&#8221; body_text_align=&#8221;left&#8221; body_text_color=&#8221;#C9A969&#8243; body_font_size=&#8221;12px&#8221; position_font=&#8221;Montserrat||||||||&#8221; position_text_color=&#8221;#FFFFFF&#8221; position_font_size=&#8221;17px&#8221; position_line_height=&#8221;1.8em&#8221; animation_style=&#8221;slide&#8221; animation_direction=&#8221;right&#8221; animation_duration=&#8221;3500ms&#8221; animation=&#8221;fade_in&#8221; border_radii_image=&#8221;on|171px|171px|171px|171px&#8221; border_width_all_image=&#8221;4px&#8221; border_color_all_image=&#8221;#C9A969&#8243; global_colors_info=&#8221;{}&#8221;]<\/p>\n<p style=\"text-align: justify;\"><span style=\"font-size: large;\"><\/span><\/p>\n<p style=\"text-align: justify;\"><span style=\"font-size: large;\">Riche de plus de 10 ann\u00e9es d&#8217;exp\u00e9rience en cabinet d&#8217;expertise-comptable et d&#8217;audit, Jean-Mina est Expert-comptable et commissaire aux comptes.<\/span><\/p>\n<p style=\"text-align: justify;\"><span style=\"font-size: large;\">Il a fait ses preuves au sein de diff\u00e9rents cabinets d&#8217;expertise comptable ayant chacun ses sp\u00e9cificit\u00e9s. <\/span><\/p>\n<p style=\"text-align: justify;\"><span style=\"font-size: large;\">Ces diff\u00e9rentes exp\u00e9riences lui permettent d&#8217;avoir les comp\u00e9tences ainsi qu&#8217;un profil polyvalent autant dans le domaine de l&#8217;expertise-comptable, du conseil que de l&#8217;audit. <\/span><\/p>\n<p style=\"text-align: justify;\"><span style=\"font-size: large;\">Tout comme son associ\u00e9, Jean-Mina dispose d&#8217;un profil polyvalent qui lui permet de r\u00e9pondre aux diff\u00e9rents besoins des chefs d&#8217;entreprises. De plus, Jean-Mina s&#8217;est forg\u00e9 une sp\u00e9cialit\u00e9 dans le domaine de l&#8217;\u00e9pargne salariale et la gestion du patrimoine. Fort de cette sp\u00e9cialit\u00e9, le m\u00e9moire de Jean-Mina est publi\u00e9 dans la &#8220;bibliothique&#8221; de l&#8217;Ordre des Expert-comptable.<\/span><span style=\"font-size: large;\"><\/span><\/p>\n<p style=\"text-align: justify;\"><span style=\"font-size: large;\"><\/span><\/p>\n<p style=\"text-align: justify;\"><span style=\"font-size: large;\"><\/span><\/p>\n<p style=\"text-align: justify;\"><span style=\"font-size: large;\"><\/span><\/p>\n<p style=\"text-align: justify;\"><span style=\"font-size: large;\"><\/span><\/p>\n<p style=\"text-align: justify;\">\n<p style=\"text-align: justify;\"><span style=\"font-size: large;\"><\/span><\/p>\n<p>[\/et_pb_team_member][\/et_pb_column][\/et_pb_row][\/et_pb_section]<\/p>\n","protected":false},"excerpt":{"rendered":"<p>Expert-comptable et commissaire aux comptes Amiriade a d\u00e9but\u00e9 sa carri\u00e8re en tant que comptable g\u00e9n\u00e9ral au sein du groupe international Jaguar Land Rover suivi du Groupe Argus. Il a rejoint par la suite le monde des cabinets d&#8217;expertise-comptable par le biais du cabinet Ennea. Cette exp\u00e9rience lui a permis de propulser ses ambitions et ainsi [&hellip;]<\/p>\n","protected":false},"author":1,"featured_media":0,"parent":0,"menu_order":0,"comment_status":"closed","ping_status":"closed","template":"","meta":{"_et_pb_use_builder":"on","_et_pb_old_content":"","_et_gb_content_width":"","om_disable_all_campaigns":false,"_monsterinsights_skip_tracking":false,"_monsterinsights_sitenote_active":false,"_monsterinsights_sitenote_note":"","_monsterinsights_sitenote_category":0,"footnotes":""},"class_list":["post-364","page","type-page","status-publish","hentry"],"_links":{"self":[{"href":"https:\/\/mkfinance.fr\/index.php?rest_route=\/wp\/v2\/pages\/364"}],"collection":[{"href":"https:\/\/mkfinance.fr\/index.php?rest_route=\/wp\/v2\/pages"}],"about":[{"href":"https:\/\/mkfinance.fr\/index.php?rest_route=\/wp\/v2\/types\/page"}],"author":[{"embeddable":true,"href":"https:\/\/mkfinance.fr\/index.php?rest_route=\/wp\/v2\/users\/1"}],"replies":[{"embeddable":true,"href":"https:\/\/mkfinance.fr\/index.php?rest_route=%2Fwp%2Fv2%2Fcomments&post=364"}],"version-history":[{"count":20,"href":"https:\/\/mkfinance.fr\/index.php?rest_route=\/wp\/v2\/pages\/364\/revisions"}],"predecessor-version":[{"id":1044,"href":"https:\/\/mkfinance.fr\/index.php?rest_route=\/wp\/v2\/pages\/364\/revisions\/1044"}],"wp:attachment":[{"href":"https:\/\/mkfinance.fr\/index.php?rest_route=%2Fwp%2Fv2%2Fmedia&parent=364"}],"curies":[{"name":"wp","href":"https:\/\/api.w.org\/{rel}","templated":true}]}}

<p>[et_pb_section fb_built=&#8221;1&#8243; _builder_version=&#8221;4.16&#8243; _module_preset=&#8221;default&#8221; background_color=&#8221;#22394B&#8221; min_height=&#8221;783.7px&#8221; custom_padding=&#8221;||0px|||&#8221; global_colors_info=&#8221;{}&#8221;][et_pb_row column_structure=&#8221;1_2,1_2&#8243; _builder_version=&#8221;4.16&#8243; _module_preset=&#8221;default&#8221; custom_padding=&#8221;||19px|||&#8221; global_colors_info=&#8221;{}&#8221;][et_pb_column type=&#8221;1_2&#8243; _builder_version=&#8221;4.16&#8243; _module_preset=&#8221;default&#8221; global_colors_info=&#8221;{}&#8221;][et_pb_image src=&#8221;http://mkfinance.fr/wp-content/uploads/2022/02/MK-Finances-Portraits-1-scaled.jpg&#8221; title_text=&#8221;MK Finances Portraits-1&#8243; _builder_version=&#8221;4.16&#8243; _module_preset=&#8221;default&#8221; width=&#8221;50%&#8221; custom_padding=&#8221;||0px|||&#8221; animation_style=&#8221;fade&#8221; animation_duration=&#8221;3300ms&#8221; border_radii=&#8221;on|171px|171px|171px|171px&#8221; border_width_all=&#8221;4px&#8221; border_color_all=&#8221;#C9A969&#8243; global_colors_info=&#8221;{}&#8221;][/et_pb_image][et_pb_team_member name=&#8221;M. Amiriade Maoulida&#8221; position=&#8221;Président Associé&#8221; linkedin_url=&#8221;https://fr.linkedin.com/in/amiriade-maoulida-833776133&#8243; icon_color=&#8221;#C9A969&#8243; _builder_version=&#8221;4.16&#8243; _module_preset=&#8221;default&#8221; header_level=&#8221;h2&#8243; header_font=&#8221;Montserrat||||||||&#8221; header_text_color=&#8221;#C9A969&#8243; header_font_size=&#8221;29px&#8221; body_font=&#8221;Montserrat|||||on|||&#8221; body_text_align=&#8221;left&#8221; body_text_color=&#8221;#C9A969&#8243; body_font_size=&#8221;9px&#8221; position_font=&#8221;Montserrat||||||||&#8221; position_text_color=&#8221;#FFFFFF&#8221; position_font_size=&#8221;17px&#8221; position_line_height=&#8221;1.8em&#8221; animation_style=&#8221;slide&#8221; animation_direction=&#8221;left&#8221; animation_duration=&#8221;3500ms&#8221; animation=&#8221;fade_in&#8221; border_radii_image=&#8221;on|171px|171px|171px|171px&#8221; border_width_all_image=&#8221;4px&#8221; border_color_all_image=&#8221;#C9A969&#8243; box_shadow_style_image=&#8221;preset1&#8243; global_colors_info=&#8221;{}&#8221;]</p>
<p style="text-align: justify;"><span style="font-size: large;"></span></p>
<p style="text-align: justify;"><span style="font-size: large;">Expert-comptable et commissaire aux comptes Amiriade a débuté sa carrière en tant que comptable général au sein du groupe international Jaguar Land Rover suivi du Groupe Argus.</span><o:p></o:p></p>
<p style="text-align: justify;"><span style="font-size: large;">Il a rejoint par la suite le monde des cabinets d&#8217;expertise-comptable par le biais du cabinet Ennea. Cette expérience lui a permis de propulser ses ambitions et ainsi intégrer des cabinets de renommée internationale  KPMG puis PWC pour les entrepreneurs. </span><span style="font-size: large;"></span><span style="font-size: large;"></span></p>
<p style="text-align: justify;"><span style="font-size: large;">Ces différentes expériences lui ont octroyé une grande richesse dûe à la diversification des portefeuilles et ainsi lui permettre de s&#8217;adapter aux clients afin de proposer un accompagnement sur-mesure dans les domaines fiscales, sociales, procédures interne, transition numérique, évaluations et juridique.</span></p>
<p style="text-align: justify;"><o:p></o:p><span style="font-size: large;">En outre, Amiriade accompagne des experts-comptable mémorialistes dans la rédaction et la mise en forme de leur mémoire d&#8217;expertise-comptable.</span></p>
<p style="text-align: justify;"><span style="font-size: large;"></span></p>
<p>[/et_pb_team_member][/et_pb_column][et_pb_column type=&#8221;1_2&#8243; _builder_version=&#8221;4.16&#8243; _module_preset=&#8221;default&#8221; global_colors_info=&#8221;{}&#8221;][et_pb_image src=&#8221;http://mkfinance.fr/wp-content/uploads/2022/02/MK-Finances-Portraits-4-scaled.jpg&#8221; title_text=&#8221;MK Finances Portraits-4&#8243; _builder_version=&#8221;4.16&#8243; _module_preset=&#8221;default&#8221; width=&#8221;50%&#8221; animation_style=&#8221;fade&#8221; animation_direction=&#8221;right&#8221; animation_duration=&#8221;3300ms&#8221; border_radii=&#8221;on|171px|171px|171px|171px&#8221; border_width_all=&#8221;4px&#8221; border_color_all=&#8221;#C9A969&#8243; global_colors_info=&#8221;{}&#8221;][/et_pb_image][et_pb_team_member name=&#8221;M. Jean-Mina Khalil&#8221; position=&#8221;Directeur général Associé&#8221; linkedin_url=&#8221;https://fr.linkedin.com/in/amiriade-maoulida-833776133&#8243; icon_color=&#8221;#C9A969&#8243; _builder_version=&#8221;4.16&#8243; _module_preset=&#8221;default&#8221; header_level=&#8221;h2&#8243; header_font=&#8221;Montserrat||||||||&#8221; header_text_color=&#8221;#C9A969&#8243; header_font_size=&#8221;27px&#8221; body_font=&#8221;Montserrat|||||on|||&#8221; body_text_align=&#8221;left&#8221; body_text_color=&#8221;#C9A969&#8243; body_font_size=&#8221;12px&#8221; position_font=&#8221;Montserrat||||||||&#8221; position_text_color=&#8221;#FFFFFF&#8221; position_font_size=&#8221;17px&#8221; position_line_height=&#8221;1.8em&#8221; animation_style=&#8221;slide&#8221; animation_direction=&#8221;right&#8221; animation_duration=&#8221;3500ms&#8221; animation=&#8221;fade_in&#8221; border_radii_image=&#8221;on|171px|171px|171px|171px&#8221; border_width_all_image=&#8221;4px&#8221; border_color_all_image=&#8221;#C9A969&#8243; global_colors_info=&#8221;{}&#8221;]</p>
<p style="text-align: justify;"><span style="font-size: large;"></span></p>
<p style="text-align: justify;"><span style="font-size: large;">Riche de plus de 10 années d&#8217;expérience en cabinet d&#8217;expertise-comptable et d&#8217;audit, Jean-Mina est Expert-comptable et commissaire aux comptes.</span></p>
<p style="text-align: justify;"><span style="font-size: large;">Il a fait ses preuves au sein de différents cabinets d&#8217;expertise comptable ayant chacun ses spécificités. </span></p>
<p style="text-align: justify;"><span style="font-size: large;">Ces différentes expériences lui permettent d&#8217;avoir les compétences ainsi qu&#8217;un profil polyvalent autant dans le domaine de l&#8217;expertise-comptable, du conseil que de l&#8217;audit. </span></p>
<p style="text-align: justify;"><span style="font-size: large;">Tout comme son associé, Jean-Mina dispose d&#8217;un profil polyvalent qui lui permet de répondre aux différents besoins des chefs d&#8217;entreprises. De plus, Jean-Mina s&#8217;est forgé une spécialité dans le domaine de l&#8217;épargne salariale et la gestion du patrimoine. Fort de cette spécialité, le mémoire de Jean-Mina est publié dans la &#8220;bibliothique&#8221; de l&#8217;Ordre des Expert-comptable.</span><span style="font-size: large;"></span></p>
<p style="text-align: justify;"><span style="font-size: large;"></span></p>
<p style="text-align: justify;"><span style="font-size: large;"></span></p>
<p style="text-align: justify;"><span style="font-size: large;"></span></p>
<p style="text-align: justify;"><span style="font-size: large;"></span></p>
<p style="text-align: justify;">
<p style="text-align: justify;"><span style="font-size: large;"></span></p>
<p>[/et_pb_team_member][/et_pb_column][/et_pb_row][/et_pb_section]</p>

<p>Expert-comptable et commissaire aux comptes Amiriade a débuté sa carrière en tant que comptable général au sein du groupe international Jaguar Land Rover suivi du Groupe Argus. Il a rejoint par la suite le monde des cabinets d&#8217;expertise-comptable par le biais du cabinet Ennea. Cette expérience lui a permis de propulser ses ambitions et ainsi [&hellip;]</p>
